 is the remainder when c(1) is divided by 8?
5
Suppose 13*b + 9*b - 1056 = 0. What is the remainder when 1295 is divided by b?
47
Suppose -g - 2*g + 219 = 0. Let c = 1027 + -1008. Calculate the remainder when g is divided by c.
16
Calculate the remainder when 354 is divided by -15 + 39 - (-35)/(-5).
14
Let x(m) be the second derivative of -m**3/2 + 10*m**2 - 15*m. What is the remainder when 263 is divided by x(2)?
11
Let o(n) = -3*n. Let p be o(-5). Suppose f + 0*f = p. Suppose w - f = -0*w. Calculate the remainder when 44 is divided by w.
14
Suppose -10 = -2*w + 3*i, -5*w = -0*w - 3*i - 34. Suppose -3*l + 40 = -41. What is the remainder when l is divided by w?
3
Suppose 0 = -2*w - 287 - 49. What is the remainder when (-1)/(-2) - (-85)/2 is divided by (-4)/20 + w/(-15)?
10
Let r(q) = 11*q. Suppose -5*p = -4*w - 2 - 3, 4*p + 3*w = -27. Let n be (8 - 2)/p + 4. What is the remainder when 65 is divided by r(n)?
21
Let q = 228 - 136. Suppose -2*n - q = -4*n. What is the remainder when n is divided by 11?
2
Let a(b) = 6*b + 17. Let g be a(-2). Suppose -g*j + 5*u + 691 = -3*j, 4*u = 4. What is the remainder when j is divided by 39?
36
Let m = 90 + -91. What is the remainder when 57/6*-8*m is divided by 11?
10
Let v = -716 + 749. Suppose 0 = -4*w + 12, 0 = -5*t - 3*w + 4*w + 107. What is the remainder when v is divided by t?
11
Let u = 21 - 8. Let i = -9 + 9. Suppose i = 3*f - 4*f + 51. Calculate the remainder when f is divided by u.
12
Suppose -4*m - 9*c = -8*c - 126, -m + c = -34. What is the remainder when 170 is divided by m + (-5)/(-5) + -4?
25
Let h(r) = 2*r**2 + 10*r - 19. Let w be (-2)/(-7) - 1005/(-35). Let q = -39 + w. Calculate the remainder when h(q) is divided by 21.
18
Suppose -2*b = -20*b + 126. Suppose -29 + 176 = b*r. What is the remainder when r is divided by 11?
10
Suppose -y = -c + 25, 12*y = 2*c + 8*y - 56. Calculate the remainder when 110 is divided by c.
0
Suppose m - 5*q - 38 = 0, -2*m + 124 = -3*q + 13. Suppose 3*n + 113 = 5*d, 4*d + 3*n - 81 = 4. Calculate the remainder when m is divided by d.
19
Let i(r) = -2*r + 36. Calculate the remainder when i(-19) is divided by 28.
18
Suppose -92*x + 124*x = 192. What is the remainder when 21 is divided by x?
3
Let y = 91 - 56. Suppose 5*p - 4*z - 676 = -0*p, -p + 3*z = -133. What is the remainder when p is divided by y?
31
Let a be 5 + -4 + (-1 - -1). What is the remainder when (-25)/(-10)*(-372)/(-15) is divided by (-8 + 0/a)*-2?
14
Let q(z) = -z**2 - 13*z + 15. Let o be q(-14). Suppose -3 = -2*g + o. Suppose 4*h = g*w, 2*h - 15 = -4*w + 5*h. What is the remainder when w is divided by 4?
2
Let p(s) = 2*s - 7. Suppose -5*k - h + 120 = -6*h, -50 = -2*k + h. Calculate the remainder when k is divided by p(7).
5
Let v(w) = -w**3 - 39*w**2 + 36*w - 89. What is the remainder when v(-40) is divided by 32?
7
Suppose 3*v - 7*b = -9*b + 311, 0 = -3*v + b + 326. Let r = v - 97. What is the remainder when r is divided by 3?
1
Let l(t) = 16*t - 3. What is the remainder when (((-40)/16 + 2)/((-2)/(-692)))/(-1) is divided by l(2)?
28
Let f = -116 + 183. What is the remainder when 600 is divided by f?
64
Let c(y) = y**3 - 4*y**2 + y - 2. Suppose 11*z - 59 = -4. What is the remainder when c(z) is divided by (-144)/(-14) - (-2)/(-7)?
8
Let k = -15 + 22. Suppose -5*r + 4 = w - 75, w + 49 = 3*r. What is the remainder when r is divided by k?
2
Let v = -20 + 5. Let d = v - -25. Calculate the remainder when d is divided by 5.
0
Let p(d) = -d + 3. Let u be p(0). Suppose a - 4 = -u*a. Let m(k) = -4*k**3 - 19*k**2 - 6*k - 52. Calculate the remainder when m(-5) is divided by a.
0
Suppose 6*r - 4*r - 86 = 0. What is the remainder when 90 is divided by r?
4
Let p(f) = -f**3 + 20*f**2 + 28*f - 21. Suppose 2*q = 1 + 3, -2*q = -l + 28. What is the remainder when p(21) is divided by l?
30
Let z = 7 - -1. Let u be -30*(30/25 - 4). Suppose -6*m - u = -10*m. What is the remainder when m is divided by z?
5
Let o be 1/2*(7 + -5). Let x be 14*(o - (-2)/(-4)). Suppose -3*y + 18 = 2*h, 3*y - x*y - 4*h = -20. Calculate the remainder when y is divided by 3.
2
What is the remainder when (68/(-10))/(84/(-2730)) is divided by 25?
21
Suppose 91 = -16*t + 23*t. What is the remainder when 23 is divided by t?
10
Suppose -22*v = -16*v - 66. Suppose -2*o - 22 = -4*o. Suppose -3*q + o + 112 = 0. Calculate the remainder when q is divided by v.
8
Suppose 4*m - 244 = -4*f, 0 = -5*f + 2*f - 5*m + 173. What is the remainder when f is divided by 17?
15
Suppose 5*f + f = -336. Let g = f - -96. What is the remainder when g is divided by 14?
12
Let c(m) = -m**3 + 6*m**2 + m - 7. Let d = -14 - -11. Let v(s) = -3*s - 4. Let o be v(d). Calculate the remainder when c(o) is divided by 8.
7
Let t be (-3)/(-6) + (-18)/(-12). Suppose 3*k + s = k + 87, -k + 39 = t*s. Calculate the remainder when k is divided by 16.
13
Suppose -s - 34 = -3*s. Suppose 48 = 5*k - s. Calculate the remainder when 25 is divided by k.
12
Let j(q) = -q**3 - 7*q**2 + 4. Let n be j(-7). Let u be (n - (-72)/(-4)) + 0. Let t = u - -22. Calculate the remainder when 29 is divided by t.
5
Suppose 0 = -k - 4*w + 15, 3*k + 5*w = 9 + 15. Suppose 0*m + k = -m. Calculate the remainder when (-79)/(-6)*(m - -9) is divided by 27.
25
Let l = 33 - 16. Suppose 3*y + 392 = 10*y. Calculate the remainder when y is divided by l.
5
Suppose -2*u + 1 = -11. Let i = -1 + u. Let f = i + 16. What is the remainder when f is divided by 8?
5
Suppose 0 = -4*s - 5*a - 73, -3*a + 14 + 83 = -4*s. Let d = -7 + 14. What is the remainder when 41 is divided by (s/d)/(6/(-42))?
19
Let j be 7/(-4)*(4 + -24). Suppose -o + 2*o - j = -5*n, n + 4*o = -12. Calculate the remainder when 68 is divided by n.
4
Suppose -5*f + 22 = -28. Let s(j) = 6*j - 65. What is the remainder when s(19) is divided by f?
9
Let z = -145 + 177. What is the remainder when z is divided by 30?
2
Calculate the remainder when ((-770)/(-56) + -13)*86*2 is divided by 49.
31
Let l = 20 - 18. Calculate the remainder when 38 is divided by l/9 + ((-230)/(-18) - 3).
8
Let p = -47 - 10. Let y = -55 - p. Calculate the remainder when 25 is divided by y.
1
Suppose 4*r + 283 = h, -8*h + 4*h + 1177 = -r. Suppose -h = -3*u + 11. What is the remainder when u is divided by 26?
24
Suppose -z - z + 30 = 0. Suppose 6*d - 39 = 261. Let f = 54 - d. What is the remainder when z is divided by f?
3
What is the remainder when (-1364)/(-14) + 12/63*3 is divided by 22?
10
Let d(j) = 3*j + 130. What is the remainder when d(-5) is divided by 20?
15
Let i(a) = 3*a - 18. Let j be i(9). Suppose u = j*u - 184. What is the remainder when 181 is divided by u?
20
Suppose 4*i + 30 = 3*u, -i + u + 2 = 9. Let l(v) = v**2 + 6*v + 30. Calculate the remainder when l(i) is divided by 21.
15
Let j(g) = g + 11. Let s be j(-14). Let p(q) = 18*q + 2. Let o be p(s). Let i = -25 - o. What is the remainder when i is divided by 7?
6
Let n be (-12)/(-78) + 776/26. Let a = 34 - n. What is the remainder when 9 is divided by a?
1
Suppose -2*l - 108 = -4*l. Suppose -d + l = d. What is the remainder when 107 is divided by d?
26
Suppose -3*t + 2*b + 64 = 0, 0 = 37*t - 32*t - b - 109. Let o = 6 + 97. What is the remainder when o is divided by t?
15
Let q(m) = m**2 + 9*m - 6. Suppose -11 = -5*t - 61. Let u be q(t). Suppose -3*d - 22 = -u*d. Calculate the remainder when 84 is divided by d.
18
Let l = 75 + 1. What is the remainder when 373 is divided by l?
69
Let o(t) = -3*t**2 + 5*t + 165. What is the remainder when 752 is divided by o(8)?
11
Let s = -10 + 31. Let t(x) = 3*x**3 + 2*x**2 + 2. Let w be t(2). Suppose 6*g - w = -10. What is the remainder when s is divided by g?
1
Let i = -15 - -18. Suppose 10*r - 5*r = -i*d + 45, 2*r - 3*d - 18 = 0. Suppose -s - r = -31. Calculate the remainder when 87 is divided by s.
21
Let r be ((-8)/16)/(2/36). Let m(i) = -i**2 - 18*i - 10. Calculate the remainder when m(r) is divided by 18.
17
Suppose 4*a - 3*o - o = -16, 3*o - 6 = 0. Let g = 0 - -37. What is the remainder when g is divided by 13 + 1 + 1 + a?
11
Suppose -3*v + 130 = 2*v. Calculate the remainder when v is divided by (64/(11 + -9))/2.
10
Let n = 1041 + -972. What is the remainder when n is divided by 14?
13
Suppose -u + 62 = -4*k - 0*k, -k - 5 = 5*u. Let w be k/(-90) - 53/(-6). What is the remainder when 25 